he prime factors of -2 - -1 - (10/(-5) + -374).
3, 5
List the prime factors of 1*(991 + (-12)/(-4)).
2, 7, 71
Suppose -16*o - 20*o = -30960. List the prime factors of o.
2, 5, 43
Suppose 2*q = -i + 165, 5*i - 2*i - 2*q = 479. Suppose 0 = 4*k - 23 - i. Suppose k = 4*y - 2*y. List the prime factors of y.
23
List the prime factors of (-310)/30*10*24/(-5).
2, 31
Let d(s) = s**3 + 7*s**2 + 7. Let c be d(-7). Let t = -3 + c. Suppose 3*y + t*z = 84, 2*y - 5*z = y + 9. List the prime factors of y.
2, 3
Suppose 0 = -9*v + 3*v + 1956. Let z = -182 + v. What are the prime factors of z?
2, 3
Let n = -540 + 760. Let k = -46 + n. What are the prime factors of k?
2, 3, 29
Let s(m) be the third derivative of m**4/24 + 11*m**3/3 + 6*m**2. Let p be s(0). Suppose -2*f + p = -2*j, 5*j - j + 26 = f. List the prime factors of f.
2, 3
Suppose g + y + 10 = 3*g, 2*g + 3*y = 2. Suppose 177 = g*z - 159. List the prime factors of z.
2, 3, 7
Suppose 0 = -5*k + 2*k + 15. Suppose -k*x + 62 = -168. Suppose -o - o = -x. What are the prime factors of o?
23
Let y be 10/15 - (-552)/9. Suppose 2*t - t = y. List the prime factors of t.
2, 31
Let p(m) = -m**3 - 6*m**2 + 6*m - 12. Let w be p(-7). Let h = -8 - -17. Let g = h + w. List the prime factors of g.
2
Let v be (1 + (-2)/4)*4. Let o(x) = 3*x - 9. Let n(s) = -s**2 + 4*s - 11. Let m(j) = -4*n(j) + 5*o(j). What are the prime factors of m(v)?
13
Let c(q) = -q**3 - 6*q**2 + 9*q. Let o be c(-7). Let u(g) = g**2 + 2*g + 19. List the prime factors of u(o).
11, 17
Let n(c) = -2*c**2 + 11*c**2 + c**2 - 5*c**2 - 9. List the prime factors of n(3).
2, 3
List the prime factors of (-3)/24 + (63318/48 - -8).
1327
Suppose -4*k = 2*w - 0*w - 22, 5*k - 15 = 0. Suppose -w*g = -203 - 127. Let d = g + -38. List the prime factors of d.
2, 7
Let r be 6/30 - (-192)/15. Let z(n) = -n**3 + 13*n**2 - 2*n + 18. Let b be z(r). List the prime factors of (-50)/b - (-3)/(-12).
2, 3
Let o(t) = 0 + 7 - 1 - t - 2. Let j be o(-13). Suppose -3*a + 16 = 5*d, 2*d - j = -5*a - 3. What are the prime factors of a?
2
Let n be (8/6)/((-6)/(-18)). Suppose -m + 4*d = -82, 2*m = -n*d + 107 + 57. What are the prime factors of m?
2, 41
Let x be -11*2*10/(-4) + -2. Suppose -3*r - 5*z + 664 = -x, -717 = -3*r + 5*z. List the prime factors of r.
239
Let o = 3694 - 2415. List the prime factors of o.
1279
Let d be -2 + -4 + 1 + 5. Suppose d = 12*f - 19*f + 1288. What are the prime factors of f?
2, 23
Let c(h) = -3*h - 4. Let q be c(-2). Let o be 0 + q - 172/(-2). Suppose -f = 3*f - o. What are the prime factors of f?
2, 11
Suppose d + 5*d = 24. List the prime factors of (-117)/(-6) - (-6)/d.
3, 7
Let f(x) = -6*x - 6. Suppose -3*u - 17 = -2. Let c = 0 + u. What are the prime factors of f(c)?
2, 3
Let b(j) = -4*j - 7. Let o(p) = -p - 1. Let c(t) = -b(t) + 3*o(t). Let n be c(0). Suppose 65 = n*h - 79. List the prime factors of h.
2, 3
Let b(s) = -2*s + 30. Let l be b(15). Suppose 4*n = i + n - 58, -3*i + 3*n + 204 = l. What are the prime factors of i?
73
Suppose -2*c = -3*u - 219, 6*c - 11*c + u = -528. Suppose m - c = 59. What are the prime factors of m?
2, 41
Let j = -453 + 614. List the prime factors of j.
7, 23
Let g(d) = -3*d - 2. Let y be g(-3). Let h(o) = -o**2 + 11*o - 4. Let w be h(y). Suppose 7*b = 4*b + w. What are the prime factors of b?
2
Let s be (33/6)/((-1)/2). Let g = s + 16. Suppose -c + 6*c = -g*p + 45, 2*p + 5*c - 9 = 0. What are the prime factors of p?
2, 3
Let l(f) = -4*f + 20. What are the prime factors of l(-28)?
2, 3, 11
Let d = -80 - -55. Let c = d + 37. Let i = 46 - c. What are the prime factors of i?
2, 17
Let m = 3 - -1. Suppose 4*a - j - 170 = -a, 2*a + m*j - 46 = 0. Suppose 67 = 5*k - a. List the prime factors of k.
2, 5
Suppose 0 = -4*x - 0*x + 16. Suppose -2*z = -8 - 0, -x*n - 4*z + 304 = 0. Suppose -337 = -5*w - n. List the prime factors of w.
53
Let w(p) = p**3 - 5*p**2 - 7*p + 4. Let o be w(6). Let z = o - -4. Suppose 0*y = -z*y + 6. What are the prime factors of y?
3
Suppose 13*m - 14*m + 9 = 0. Let s(u) be the third derivative of -u**6/120 + 2*u**5/15 + u**4/2 - 4*u**3/3 + u**2. List the prime factors of s(m).
19
Suppose 0 = -4*b + 3*o + 2197, 28*b + 5*o + 2740 = 33*b. What are the prime factors of b?
7, 79
Let s(g) = -12*g**2 - g - 1. Let i be s(-1). Let c = 16 + i. Suppose -c*q + q + 33 = 0. List the prime factors of q.
11
Suppose 10*i = 135 - 35. Suppose -i*v + 870 = -7*v. List the prime factors of v.
2, 5, 29
Suppose 4*d + 2*i - 270 = -56, -4*d = -3*i - 199. Let y = 61 - d. List the prime factors of y.
3
Let y(c) = -c**3 - 2*c**2 - c. Let a be y(-2). What are the prime factors of (25 - a) + (3 - 5)?
3, 7
Suppose -13*b + 51035 = 18743. List the prime factors of b.
2, 3, 23
Suppose -2*i - 2 = 0, 1661 - 66 = 4*p - 3*i. Let k = p - 156. What are the prime factors of k?
2, 11
Let m(w) = 8*w**2 + 27*w**2 - 7 + w + 5 + 1. List the prime factors of m(1).
5, 7
Let a(x) = 3 + 7 - 4 - 15*x. List the prime factors of a(-6).
2, 3
Let z(i) = 2*i**2 - 6*i - 108. What are the prime factors of z(-31)?
2, 5
Suppose 4*k - 30 = -3*g, 6*g - 4*g = -5*k + 34. Let b = k - -94. What are the prime factors of b?
2, 5
Let j be 4 + 1 + (8 - 8). Suppose 2*t = j*i + 207, -4*t + 5*i + 389 = -0*i. List the prime factors of t.
7, 13
Let z be (-124)/(-155) + (6/(-10))/(-3). Let u be 2/(-1) + -8 + 2. Let n = z - u. What are the prime factors of n?
3
Let u be 0 + (-5)/(20/(-16)). Suppose -u*n - 56 = -164. List the prime factors of n.
3
Let b(s) = 2*s + 2. Let k be b(-2). Let g = k - -11. Let v(i) = 4*i - 11. What are the prime factors of v(g)?
5
Suppose 0 = -3*d + 30 + 72. Let c = -8 - d. What are the prime factors of (-618)/c - (-2)/7?
3, 5
Suppose -2*g = -c - 0*g + 4897, -2*c + 5*g = -9791. What are the prime factors of c?
4903
Let b(r) = r**3 + 58*r**2 - 112*r - 205. List the prime factors of b(-59).
2, 3, 487
Suppose 0 = -k + b + 159, 3*b = 3*k + b - 475. What are the prime factors of k?
157
Suppose -33 = -6*o - 3. Suppose -5*r - 62 = -2*a, -o*a + 121 = -4*r - 34. List the prime factors of a.
31
Let k(z) = -z**3 + 6*z**2 + 2*z. Suppose -h - 3*u = -18, 0 = -2*u - u + 12. What are the prime factors of k(h)?
2, 3
Suppose -6*m = -2*f - 5*m + 6726, m + 4 = 0. List the prime factors of f.
3361
Suppose 37 = -2*f + 5*c, -1 = 4*f + c + 18. Let s be 2/8 + (-2847)/12. What are the prime factors of (s/f)/(1/2)?
79
Suppose 0*w - 2*p - 10 = -4*w, 4*w + 2*p - 6 = 0. Let k be (w - 77 - -3) + 3. Let f = k + 108. What are the prime factors of f?
3, 13
Suppose -4*h + 8444 = 3*p - 0*p, -2111 = -h + 2*p. List the prime factors of h.
2111
List the prime factors of (-3)/((-8)/(2760/9)).
5, 23
Let d = -40 + 34. Let z = 11 + 0. Let k = z - d. What are the prime factors of k?
17
Let u(z) = -8*z**2 + 1876. What are the prime factors of u(0)?
2, 7, 67
Suppose -2*w - 6 = -3*j, -4*w = -2*j - 3*j + 10. Suppose 2*k - 3*m = 212, 0 = -j*k + 5*k + m - 307. List the prime factors of k.
103
Let v = 1305 + -522. List the prime factors of v.
3, 29
Let v = 15 - 9. Suppose -28 = 4*r - v*r. List the prime factors of r.
2, 7
Suppose -5*j - v - 26 = 0, 5*j + 6 + 40 = 4*v. Let i be (2 - 26/6)*j. Let h = 26 - i. What are the prime factors of h?
2, 3
What are the prime factors of (3/(-4))/((-9)/13980)?
5, 233
Suppose -2*y + 0*t - 3*t - 17 = 0, -3*t = -5*y - 32. Let n be ((-228)/(-21))/((-2)/y). Let d = n - 16. List the prime factors of d.
2, 11
Suppose -47*a + 48*a = 354. List the prime factors of a.
2, 3, 59
Let r be (-6)/(0 + 3)*-460. Suppose v = -9*v + r. What are the prime factors of v?
2, 23
Let f(w) = -w**3 + 5*w**2 + 4*w + 14. Let u be f(6). Suppose -u*c - 3 = -7, 4*c = 5*k - 377. List the prime factors of k.
7, 11
Let l = -5283 - -8992. List the prime factors of l.
3709
Let y(z) = z**3 - 4*z**2 - 4*z + 4. Let h be y(4). Let s be ((-3)/(h/(-8)))/2. Let u(q) = 40*q**2 + q + 1. What are the prime factors of u(s)?
2, 5
Let i = -1797 - -2660. List the prime factors of i.
863
Let m(q) = -19*q. Suppose -3*h + 2*h + 2 = 0, -2*v + 4 = 3*h. Let s be m(v). Suppose -3*b - 2*b + t = -s, -2*t = -2. List the prime factors of b.
2
Suppose -5*u - 1955 = -10*u. List the prime factors of u.
17, 23
Let d = 32 - 15. Suppose 21*r - 236 = d*r. List the prime factors of r.
59
Let i(g) = g**3 + 16*g**2 + 14*g - 14. What are the prim